1
List the prime factors of 411.
3, 137
What are the prime factors of 1898?
2, 13, 73
List the prime factors of 6917.
6917
What are the prime factors of 384?
2, 3
List the prime factors of 2846.
2, 1423
What are the prime factors of 1064?
2, 7, 19
List the prime factors of 23167.
23167
List the prime factors of 807.
3, 269
List the prime factors of 9460.
2, 5, 11, 43
What are the prime factors of 14005?
5, 2801
What are the prime factors of 1252?
2, 313
List the prime factors of 8967.
3, 7, 61
What are the prime factors of 1875?
3, 5
List the prime factors of 7341.
3, 2447
What are the prime factors of 1680?
2, 3, 5, 7
List the prime factors of 169.
13
List the prime factors of 2517.
3, 839
List the prime factors of 4613.
7, 659
List the prime factors of 2341.
2341
List the prime factors of 927.
3, 103
List the prime factors of 73080.
2, 3, 5, 7, 29
What are the prime factors of 20642?
2, 10321
What are the prime factors of 177?
3, 59
List the prime factors of 2737.
7, 17, 23
List the prime factors of 12596.
2, 47, 67
List the prime factors of 510.
2, 3, 5, 17
What are the prime factors of 19437?
3, 11, 19, 31
List the prime factors of 1288.
2, 7, 23
What are the prime factors of 13828?
2, 3457
What are the prime factors of 969?
3, 17, 19
List the prime factors of 1537.
29, 53
What are the prime factors of 23265?
3, 5, 11, 47
List the prime factors of 19002.
2, 3, 3167
What are the prime factors of 757?
757
What are the prime factors of 28890?
2, 3, 5, 107
List the prime factors of 9049.
9049
What are the prime factors of 6059?
73, 83
What are the prime factors of 1950?
2, 3, 5, 13
List the prime factors of 925.
5, 37
List the prime factors of 12258.
2, 3, 227
List the prime factors of 3134.
2, 1567
What are the prime factors of 1632?
2, 3, 17
What are the prime factors of 54686?
2, 37, 739
What are the prime factors of 21159?
3, 2351
What are the prime factors of 162?
2, 3
List the prime factors of 5612.
2, 23, 61
List the prime factors of 16770.
2, 3, 5, 13, 43
What are the prime factors of 2267?
2267
List the prime factors of 11207.
7, 1601
What are the prime factors of 1418?
2, 709
What are the prime factors of 8962?
2, 4481
List the prime factors of 638.
2, 11, 29
List the prime factors of 1482.
2, 3, 13, 19
What are the prime factors of 8844?
2, 3, 11, 67
What are the prime factors of 10108?
2, 7, 19
List the prime factors of 6282.
2, 3, 349
What are the prime factors of 10954?
2, 5477
What are the prime factors of 2338?
2, 7, 167
List the prime factors of 38370.
2, 3, 5, 1279
What are the prime factors of 288?
2, 3
What are the prime factors of 7670?
2, 5, 13, 59
What are the prime factors of 10928?
2, 683
What are the prime factors of 197?
197
List the prime factors of 181.
181
What are the prime factors of 8790?
2, 3, 5, 293
What are the prime factors of 16411?
16411
What are the prime factors of 7750?
2, 5, 31
List the prime factors of 316.
2, 79
List the prime factors of 1913.
1913
List the prime factors of 4279.
11, 389
What are the prime factors of 27035?
5, 5407
What are the prime factors of 189490?
2, 5, 7, 2707
What are the prime factors of 2689?
2689
What are the prime factors of 92049?
3, 61, 503
List the prime factors of 75420.
2, 3, 5, 419
What are the prime factors of 1860?
2, 3, 5, 31
List the prime factors of 683.
683
List the prime factors of 2999.
2999
List the prime factors of 983.
983
What are the prime factors of 40308?
2, 3, 3359
List the prime factors of 64813.
7, 47, 197
List the prime factors of 11946.
2, 3, 11, 181
List the prime factors of 4772.
2, 1193
List the prime factors of 292.
2, 73
What are the prime factors of 838?
2, 419
List the prime factors of 31006.
2, 37, 419
What are the prime factors of 804?
2, 3, 67
What are the prime factors of 1910?
2, 5, 191
What are the prime factors of 4128?
2, 3, 43
What are the prime factors of 32487?
3, 7, 13, 17
List the prime factors of 28757.
149, 193
What are the prime factors of 8086?
2, 13, 311
List the prime factors of 957.
3, 11, 29
What are the prime factors of 3219?
3, 29, 37
List the prime factors of 4319.
7, 617
List the prime factors of 6544.
2, 409
What are the prime factors of 3?
3
What are the prime factors of 25661?
67, 383
List the prime factors of 174792.
2, 3, 7283
List the prime factors of 9381.
3, 53, 59
What are the prime factors of 607?
607
What are the prime factors of 10715?
5, 2143
List the prime factors of 1847.
1847
What are the prime factors of 25938?
2, 3, 11, 131
What are the prime factors of 7405?
5, 1481
List the prime factors of 1559.
1559
List the prime factors of 11077.
11, 19, 53
List the prime factors of 19191.
3, 6397
List the prime factors of 199.
199
List the prime factors of 17565.
3, 5, 1171
What are the prime factors of 1703?
13, 131
What are the prime factors of 93968?
2, 7, 839
List the prime factors of 13648.
2, 853
What are the prime factors of 6133?
6133
List the prime factors of 12660.
2, 3, 5, 211
List the prime factors of 25709.
47, 547
List the prime factors of 10791.
3, 11, 109
List the prime factors of 5849.
5849
What are the prime factors of 13667?
79, 173
What are the prime factors of 39524?
2, 41, 241
What are the prime factors of 45998?
2, 109, 211
List the prime factors of 16183.
16183
List the prime factors of 1637.
1637
List the prime factors of 570.
2, 3, 5, 19
What are the prime factors of 48603?
3, 17, 953
List the prime factors of 4509.
3, 167
List the prime factors of 1819.
17, 107
List the prime factors of 4141.
41, 101
List the prime factors of 1099.
7, 157
List the prime factors of 3416.
2, 7, 61
What are the prime factors of 245?
5, 7
What are the prime factors of 1155?
3, 5, 7, 11
List the prime factors of 1763.
41, 43
What are the prime factors of 15647?
15647
List the prime factors of 63.
3, 7
List the prime factors of 19323.
3, 19, 113
List the prime factors of 40393.
31, 1303
List the prime factors of 7731.
3, 859
List the prime factors of 14.
2, 7
List the prime factors of 1419.
3, 11, 43
What are the prime factors of 2069?
2069
What are the prime factors of 2104?
2, 263
What are the prime factors of 14380?
2, 5, 719
What are the prime factors of 10131?
3, 11, 307
What are the prime factors of 957?
3, 11, 29
What are the prime factors of 27385?
5, 5477
List the prime factors of 19489.
19489
List the prime factors of 14053.
13, 23, 47
What are the prime factors of 2675?
5, 107
List the prime factors of 105.
3, 5, 7
List the prime factors of 5377.
19, 283
What are the prime factors of 1572?
2, 3, 131
List the prime factors of 2066.
2, 1033
What are the prime factors of 70235?
5, 11, 1277
List the prime factors of 1163.
1163
List the prime factors of 1833.
3, 13, 47
List the prime factors of 243.
3
What are the prime factors of 45604?
2, 13, 877
List the prime factors of 24521.
7, 31, 113
List the prime factors of 2150.
2, 5, 43
List the prime factors of 10200.
2, 3, 5, 17
What are the prime factors of 12567?
3, 59, 71
List the prime factors of 1433.
1433
List the prime factors of 16541.
7, 17, 139
What are the prime factors of 1070?
2, 5, 107
List the prime factors of 3207.
3, 1069
What are the prime factors of 1813?
7, 37
What are the prime factors of 99810?
2, 3, 5, 1109
What are the prime factors of 362?
2, 181
What are the prime factors of 123941?
123941
List the prime factors of 10783.
41, 263
What are the prime factors of 71924?
2, 17981
What are the prime factors of 6459?
3, 2153
List the prime factors of 21120.
2, 3, 5, 11
List the prime factors of 1728.
2, 3
What are the prime factors of 1527?
3, 509
List the prime factors of 85539.
3, 28513
List the prime factors of 14291.
31, 461
What are the prime factors of 18737?
41, 457
List the prime factors of 9441.
3, 1049
List the prime factors of 52931.
41, 1291
What are the prime factors of 375?
3, 5
List the prime factors of 912.
2, 3, 19
What are the prime factors of 8423?
8423
List the prime factors of 173282.
2, 23, 3767
What are the prime factors of 5980?
2, 5, 13, 23
List the prime factors of 945.
3, 5, 7
What are the prime factors of 3163?
3163
What are the prime factors of 33354?
2, 3, 17, 109
List the prime factors of 47169.
3, 1747
What are the prime factors of 26072?
2, 3259
What are the prime factors of 32892?
2, 3, 2741
W